mine i(c).
5
Suppose -4*c = 5*u - 41, -2*c - 3*c + 5 = -3*u. Let p(z) be the third derivative of 0*z - 1/60*z**5 + 3*z**2 + 0*z**c - 5/6*z**3 + 0. Calculate p(0).
-5
Let k(s) = -2*s**3 + s**2 + s - 1. Let u be k(1). Let h(t) be the third derivative of 5*t**4/24 - t**3/6 + 16*t**2. Determine h(u).
-6
Let d(y) = 3*y**2 - 2*y**2 + 20*y - 21*y - 1. Suppose -4*p + 18 = -6. Suppose p*n - 4*n = -4. Determine d(n).
5
Let v(j) = j + 16. Let m be v(-13). Let i(h) = -2*h**2 + 3*h + 1. Determine i(m).
-8
Let h(n) = n**2 + 3. Let l be h(0). Let t(u) be the third derivative of -1/24*u**4 + 0*u**l + u**2 + 0 + 0*u. Give t(-1).
1
Suppose 0 = f + 3 + 1. Let d(p) = -14*p - 14. Let l(t) = -5*t - 5. Let a(x) = 4*d(x) - 11*l(x). Determine a(f).
3
Let o = 19 + -45. Let g be o/4 + 21/14. Let r(q) = -7*q**2 + q - 12. Let f(b) = 20*b**2 - 2*b + 35. Let h(p) = -6*f(p) - 17*r(p). Give h(g).
-6
Let s(a) = a**2 - 7*a - 1. Let u be (45/(-10))/(-3 - 9/(-4)). Give s(u).
-7
Let n(f) = -2*f**3 + 4*f**2 + 2. Let d(r) = r**3 - 12*r**2 - 14*r + 16. Let a be d(13). Determine n(a).
-16
Suppose -g + 5*x + 12 = 0, 4*g - 5*x - 14 - 4 = 0. Suppose g*m - 2*h = 8, 4*m + m = -2*h + 13. Let a(s) = -2 + s - 1 + m - 7*s**2. What is a(1)?
-6
Let t(w) = w**2 - 2*w + 1. Let f be t(2). Let q(m) = 7*m + f - 7*m**3 - 10*m + 3*m. Suppose -4*s - u + 1 = 0, 2*s + 5*u - 17 = 6. Give q(s).
8
Let a(r) be the third derivative of -r**4/6 + 2*r**2. Let y = 3 - -1. Suppose 2*c + 4 = -4*p, -14 = y*p - 0*c - 3*c. What is a(p)?
8
Let j(i) = 2*i - 3. Let l be j(3). Let w(f) = 2*f - 2. What is w(l)?
4
Let b = 5 + -4. Let p(z) = -8*z - 1 + b + 7*z. Determine p(0).
0
Let g(j) = -j**2 - 4*j - 4. Let o be (0 - -1)/(1 - 0). Suppose 3*a - h + 9 = 0, -a - o + 0 = -h. What is g(a)?
-4
Let v(f) = -10*f**2 + 4*f - 46. Let o(d) = -3*d**2 + d - 15. Let l(x) = 7*o(x) - 2*v(x). Calculate l(0).
-13
Let o(q) be the second derivative of -q**3/6 + 2*q**2 + 7*q. Give o(4).
0
Let w(m) = -m**2 - 9*m - 3. Suppose 0*s = 4*s + 32. Calculate w(s).
5
Let m = -8 + 17. Let y(n) = 6*n - 5. Let f(k) = -12*k + 11. Let d(r) = m*y(r) + 4*f(r). Suppose -b + 5*t = 5 - 1, 0 = 3*b + 4*t - 7. Calculate d(b).
5
Let i(h) be the third derivative of -h**5/60 + 5*h**4/24 - h**3/6 + 40*h**2. What is i(6)?
-7
Let l(w) = -w**2 + 8*w - 9. Suppose -15 = -5*z + 15. Give l(z).
3
Suppose -32*x = -34*x - 2. Let b(r) = -8*r**2 - 2*r - 1. Calculate b(x).
-7
Let u(i) = i**3 - 8*i**2 + 2. Let y(v) = v**3 + 19*v**2 - 20*v + 8. Let n be y(-20). Give u(n).
2
Let g(q) = -q + 1. Let p be g(0). Let s = p - -3. Let y(n) = -n**3 + 3*n**2 + 5*n - 1. Determine y(s).
3
Let m(j) = -j + 7. Let o be m(10). Let l = o - 2. Let n(h) = h**2 + 5*h + 3. What is n(l)?
3
Let s(o) = -o**3 - o**2 - 1. Suppose -2*n + 2*x - 4 = 0, -5*x + 3 = 2*n + 35. Let l = 6 + n. Determine s(l).
-1
Let n(x) = 2*x**3 - x**2 - x - 1. Let u(q) = -5*q**3 - 3*q**2 + 10*q + 8. Let k(i) = 2*n(i) + u(i). Suppose -3 - 12 = 5*j - 3*z, j + 21 = -3*z. Calculate k(j).
-6
Let r(p) = 2*p + 7. Suppose 0 = -3*k - o - 14 - 6, 0 = -5*o - 25. Let q be r(k). Let h(g) = g + 3. What is h(q)?
0
Let p(k) be the third derivative of k**6/120 + 2*k**5/15 - k**4/24 - k**3/6 + 3*k**2 + 8. What is p(-8)?
7
Let k(m) be the first derivative of m**3/3 + 5*m**2 - 11*m + 3. Let l be k(-11). Let i(x) = l + 2*x - x + 0. Calculate i(4).
4
Let n(g) = 2*g**2 + 20*g**3 - 9*g**2 - 19*g**3 - 1 + 5*g + 2*g. Give n(6).
5
Let v(d) = -d**3 - d**2 + 4*d + 4. Let u(m) = -2*m**3 - m**2 + 8*m + 9. Let a(b) = 2*u(b) - 5*v(b). Calculate a(-3).
10
Let m(b) = -10*b**3 + 3*b**2 + 3*b - 7. Let w(t) = -5*t**3 + t**2 + t - 3. Let z(j) = 2*m(j) - 5*w(j). Let h = 5 + -1. Suppose -5 + h = o. Give z(o).
-4
Let c(v) = -5*v**3 + 2*v**2 - 1. Let y = -1 - -3. Let j(a) = -a**3 + 8*a**2 - 8*a + 8. Let q be j(7). Suppose z + q = y. What is c(z)?
-4
Let c(t) = -t. Let y(b) = 5*b + 1. Let r(d) = 2*c(d) + y(d). Determine r(-3).
-8
Let v(f) = f - 1. Let i(p) = 5*p**2 + 3 + 3 - 3*p - 2*p**2. Let o(w) = -i(w) - 5*v(w). Let s(c) = -c**2 + 2. Let a be s(2). Give o(a).
-9
Suppose 0 = -7*x + 9*x - 14. Let k(d) = 5*d - 7. Calculate k(x).
28
Let k(c) = -c**3 - c**2 + 2*c - 1. Let u = -2 + 4. Let y be k(u). Let n = y - -5. Let f(m) = -m**3 - 4*m**2 - m - 5. Determine f(n).
-1
Suppose 1 = -5*m - 4. Let v = 3 - 3. Let y be 1*(m - (0 + v)). Let p(r) = -2*r**3 - r**2 - r - 1. Give p(y).
1
Let f(g) = -1 + 3*g + 225*g**2 - 221*g**2 + 1 + 3. Suppose p - 1 + 3 = 0. Calculate f(p).
13
Let m(w) be the third derivative of -w**5/60 + w**4/12 + w**3/6 - 8*w**2. Calculate m(2).
1
Let l(b) be the third derivative of b**6/120 - b**5/10 + b**4/8 - b**3/6 - 3*b**2. Let y = -11 + 16. Calculate l(y).
-11
Let r(m) = -m**3 - 6*m**2 - 4*m. Let f(c) = -c. Let k(w) = -4*f(w) + r(w). Calculate k(-6).
0
Suppose v + 5 = -f - 0*f, -5*v - 65 = -5*f. Let w = v - -5. Let m(i) = -i**3 - 3*i**2 + 4*i + 3. Let x be m(w). Let o(j) = -j. What is o(x)?
-3
Suppose -20 = 2*c - c. Let b be c/(-70) + 37/(-7). Let d(u) = -u**2 - 6*u - 3. Calculate d(b).
2
Let r(a) = -a**2 + 2. Let p = -19 + 16. What is r(p)?
-7
Let r(z) = 6*z**3 - z**2 + z - 1. Let q = -47 + 48. Determine r(q).
5
Let k(l) = -4*l + l + 4 + 0*l. Suppose 5*f + 3*a = -28, 3*a + 20 = 8*a. Let w(o) = -o**3 - 7*o**2 + 7*o - 3. Let s be w(f). What is k(s)?
-11
Let d(a) = -a - 6*a + 9 - a**2 - 16. Let p be d(-5). Let u(t) = -1 + t - 2*t - 1 + 4*t**2 - t**3. What is u(p)?
4
Let q(l) be the first derivative of -2*l**3/3 + l**2/2 + l + 1. Let t = 7 + -14. Let w = -8 - t. Determine q(w).
-2
Suppose 2*a - 20 = -3*a. Suppose -20 = -4*t + 4*m - 0*m, a*m + 10 = 2*t. Suppose t*n - 5 = -0. Let j(c) = c + 1. Determine j(n).
2
Suppose j + 3*f - 12 = -3*j, -5*j + 15 = -5*f. Suppose z - 129 = -5*c + 3*c, -z - 5*c + 132 = 0. Let n(l) = -z - l - l + 124. What is n(j)?
-9
Let d(n) be the second derivative of -1/6*n**3 + 1/2*n**2 + 0*n**4 + 1/10*n**5 + 5*n + 0. Let y(f) = f**3 + f**2 + f + 1. Let v be y(0). Give d(v).
2
Suppose 11 = 2*k + 1. Suppose -5*m - 3*l + 5 = l, 0 = -k*l. Let c(t) = 10*t**2 - 2*t + 1. Calculate c(m).
9
Let s(n) be the first derivative of -3*n**2/2 + n + 1. Suppose -3*b + o = -1 - 1, 0 = -2*o + 2. Suppose -z = b + 1. Give s(z).
7
Let r(q) = -q**2 + q + 5. Let w(y) = -y**2 + 4. Let a(d) = 5*r(d) - 6*w(d). Give a(-4).
-3
Let p(l) = l**2 + 4*l + 1. Let k be (1/3)/((-5)/60). Give p(k).
1
Let n be (-51)/21 + (-3)/(-7). Let k(t) = 3*t + 2. Let p be k(n). Let l(y) = -y**2 - y + 3. Determine l(p).
-9
Let l(z) = -z**3 - 7*z**2 - 4*z - 3. Let x = -29 - -23. Give l(x).
-15
Let j(a) = -a**3 + 4*a**2 + 6*a - 2. Let v be j(5). Let l(y) = y - 5*y + 3*y - 1 + 2*y. What is l(v)?
2
Let n(d) = -3*d**3 - d**2 + 2*d. Let s(b) = -b**3 - b**2 + b + 1. Let w(o) = -n(o) + 2*s(o). Calculate w(3).
20
Suppose -11*g + 2 = 13. Let o(w) = -5*w**2 - w - 1. Determine o(g).
-5
Let a(o) = 2*o - 3 - 88*o**2 - 6 - o**3 + 97*o**2. Calculate a(9).
9
Let r(n) be the first derivative of 2*n**3 - n**2/2 + n + 12. What is r(1)?
6
Let s(p) = -10*p**2 + 2*p - 1. Suppose 2*o = -o. Let j(t) = -t**3 + 2*t**2 + 4*t + 1. Let m be j(3). Suppose o = -m*g + 4. Give s(g).
-9
Let o(p) = -p**2 + 3*p + 5. Suppose 10 = 3*y - 2*i, 7*i - 3*i + 8 = 4*y. Give o(y).
-13
Let b(c) = c**2 - c**2 - 4*c**2 + 1 + 2*c - 6*c. Let v(g) = -21*g**2 - 21*g + 5. Let o(n) = -11*b(n) + 2*v(n). Calculate o(1).
3
Let b(y) = -y + 1. Suppose 2*a + 17 = w, 2*w - 22 = -a + 2*a. Give b(w).
-8
Let a(g) be the third derivative of -1/360*g**6 + 0*g**3 + 0*g + 0 - 1/60*g**5 - 1/12*g**4 + 3*g**2. Let i(s) be the second derivative of a(s). What is i(-2)?
2
Suppose -2 = h - u - 1, u = -3*h - 23. Let m(o) be the third derivative of o**4/24 + 2*o**3/3 - 10*o**2. Determine m(h).
-2
Let m = 48 - 42. Let x(h) = h**3 - 6*h**2 + h + 2. Determine x(m).
8
Let v(m) = -3*m - 3. Let f(p) = 2*p + 7. Let z(u) = -u - 4. Let o(d) = 3*f(d) + 5*z(d). Let l(w) = -5*o(w) - 2*v(w). Suppose 0 = -2*s + 3*s - 1. Give l(s).
2
Let s be (172/(-129))/((-2)/9). Let j(f) be the third derivative of -2*f**2 + 1/6*f**4 + 1/2*f**3 - 1/120*f**s + 0*f + 1/15*f**5 + 0. Calculate j(5).
-2
Suppose 5*p + 30 = -0*p. Let r(u) = -2*u - 5. Determine r(p).
7
Let o(p) = -p**2 + 3*p - 2. Let v be (0/(-2))/(12 - 11). Let r = 3 - v. Determine o(r).
-2
Let n(g) = g**3 - 2*g**2 - 2*g - 3. Let i(q) = -q 